{"id":5001,"date":"2020-07-19T12:25:48","date_gmt":"2020-07-19T09:25:48","guid":{"rendered":"http:\/\/protent.com.tr\/?page_id=5001"},"modified":"2024-04-06T10:05:14","modified_gmt":"2024-04-06T07:05:14","slug":"bayilerimiz","status":"publish","type":"page","link":"https:\/\/protent.com.tr\/bayilerimiz\/","title":{"rendered":"Bayilerimiz"},"content":{"rendered":"<div class=\"vc_row wpb_row vc_custom_1595151001913 porto-inner-container\"><div class=\"porto-wrap-container container\"><div class=\"row\"><div class=\"vc_column_container col-md-8\"><div class=\"wpb_wrapper vc_column-inner\"><div class=\"tabs\"><ul class=\"nav nav-tabs\"><li class=\"nav-item active\"><a href=\"#tab-f00527d7-def1-9\" id=\"tab-f00527d7-def1-9-title\" class=\"nav-link\" data-bs-toggle=\"tab\">MERKEZ<\/a><\/li><li class=\"nav-item\"><a href=\"#tab-3abe8840-8d8a-6\" id=\"tab-3abe8840-8d8a-6-title\" class=\"nav-link\" data-bs-toggle=\"tab\">KUZEY KIBRIS<\/a><\/li><li class=\"nav-item\"><a href=\"#tab-1604973772195-2-6\" id=\"tab-1604973772195-2-6-title\" class=\"nav-link\" data-bs-toggle=\"tab\">BALKANLAR<\/a><\/li><li class=\"nav-item\"><a href=\"#tab-1712161946549-3-5\" id=\"tab-1712161946549-3-5-title\" class=\"nav-link\" data-bs-toggle=\"tab\">G\u00dcRC\u0130STAN<\/a><\/li><\/ul><div class=\"tab-content\"><div id=\"tab-f00527d7-def1-9\" class=\"tab-pane active\">\n\t<div class=\"wpb_text_column wpb_content_element \" >\n\t\t<div class=\"wpb_wrapper\">\n\t\t\t<p><span style=\"font-size: 25px;\"><strong>ADRES:<\/strong><\/span><\/p>\n<p><span style=\"font-size: 25px;\">Sultan Tente \u00c7ad\u0131r ve Branda San Tic Ltd \u015eti<\/span><\/p>\n<p><span style=\"font-size: 25px;\">Ulus Mah. \u00c7atalca Yolu B\u00fclb\u00fclo\u011flu San Sit. Kat:1 No:1\/M &#8211; B\u00fcy\u00fck\u00e7ekmece \u2013 \u0130stanbul<\/span><\/p>\n<p>&nbsp;<\/p>\n<p><span style=\"font-size: 25px;\"><strong>No\u00a0 \u00a0<\/strong>\u00a0 :\u00a0 \u00a00(212) 861 27 20<\/span><\/p>\n<p><span style=\"font-size: 25px;\"><strong>Mail<\/strong>:\u00a0 info@protent.com.tr<\/span><\/p>\n\n\t\t<\/div>\n\t<\/div>\n<\/div><div id=\"tab-3abe8840-8d8a-6\" class=\"tab-pane\">\n\t<div class=\"wpb_text_column wpb_content_element \" >\n\t\t<div class=\"wpb_wrapper\">\n\t\t\t<p><span style=\"font-size: 25px;\"><strong>ADRES:<\/strong><\/span><\/p>\n<p><span style=\"font-size: 25px;\">Kuzey K\u0131br\u0131s T\u00fcrk Cumhuriyeti<\/span><br \/>\n<span style=\"font-size: 25px;\">Protent Cyprus \u2013 Halil Mulla<\/span><\/p>\n<p>&nbsp;<\/p>\n<p><span style=\"font-size: 25px;\"><strong>Tel<\/strong>\u00a0: 0 548 877 10 00<\/span><br \/>\n<span style=\"font-size: 25px;\"><strong>MA\u0130L<\/strong>: info@protent.com.tr<\/span><\/p>\n\n\t\t<\/div>\n\t<\/div>\n<\/div><div id=\"tab-1604973772195-2-6\" class=\"tab-pane\">\n\t<div class=\"wpb_text_column wpb_content_element \" >\n\t\t<div class=\"wpb_wrapper\">\n\t\t\t<h1>ASMER INVEST SHPK<\/h1>\n<p><span style=\"font-size: 25px;\">Arnavutluk, Kosova, Karada\u011f, Kuzey Makedonya<\/span><\/p>\n<p>&nbsp;<\/p>\n<p><span style=\"font-size: 25px;\"><strong>No<\/strong> :\u00a0 +355 69 951 6380<\/span><\/p>\n<p><span style=\"font-size: 25px;\"><strong>Mail<\/strong>:\u00a0 info@protent.com.tr<\/span><\/p>\n\n\t\t<\/div>\n\t<\/div>\n<\/div><div id=\"tab-1712161946549-3-5\" class=\"tab-pane\">\n\t<div class=\"wpb_text_column wpb_content_element \" >\n\t\t<div class=\"wpb_wrapper\">\n\t\t\t<h1>G\u00fcrcistan Bayi<\/h1>\n<p><span style=\"font-size: 25px;\">\u0130rma Metreveli<\/span><\/p>\n<p>&nbsp;<\/p>\n<p><span style=\"font-size: 25px;\"><strong>No<\/strong> :\u00a0 +90 531 952 0000\u00a0<\/span><\/p>\n<p><span style=\"font-size: 25px;\"><strong>Mail<\/strong>: irmametreveli88@gmail.com<\/span><\/p>\n\n\t\t<\/div>\n\t<\/div>\n<\/div><\/div><\/div><\/div><\/div><div class=\"vc_column_container col-md-4\"><div class=\"wpb_wrapper vc_column-inner\"><div class=\"vc_separator vc_text_separator vc_separator_align_center vc_sep_width_100 vc_sep_pos_align_center\">\n\t<span class=\"vc_sep_holder vc_sep_holder_l\"><span style=\"background-image: -webkit-linear-gradient(left, transparent, grey);\n\t background-image: linear-gradient(to right, transparent, grey);\" class=\"vc_sep_line\"><\/span><\/span>\n\t\t\t\t<h4>Bayimiz Olun!<\/h4>\t<span class=\"vc_sep_holder vc_sep_holder_r\"><span style=\"background-image: -webkit-linear-gradient(left, grey, transparent);\n\t background-image: linear-gradient(to right, grey, transparent);\" class=\"vc_sep_line\"><\/span><\/span>\n<\/div>\n\n<div class=\"wpcf7 no-js\" id=\"wpcf7-f7-o1\" lang=\"tr-TR\" dir=\"ltr\">\n<div class=\"screen-reader-response\"><p role=\"status\" aria-live=\"polite\" aria-atomic=\"true\"><\/p> <ul><\/ul><\/div>\n<form action=\"\/wp-json\/wp\/v2\/pages\/5001#wpcf7-f7-o1\" method=\"post\" class=\"wpcf7-form init\" aria-label=\"\u0130leti\u015fim Formu\" novalidate=\"novalidate\" data-status=\"init\">\n<div style=\"display: none;\">\n<input type=\"hidden\" name=\"_wpcf7\" value=\"7\" \/>\n<input type=\"hidden\" name=\"_wpcf7_version\" value=\"5.9.8\" \/>\n<input type=\"hidden\" name=\"_wpcf7_locale\" value=\"tr_TR\" \/>\n<input type=\"hidden\" name=\"_wpcf7_unit_tag\" value=\"wpcf7-f7-o1\" \/>\n<input type=\"hidden\" name=\"_wpcf7_container_post\" value=\"0\" \/>\n<input type=\"hidden\" name=\"_wpcf7_posted_data_hash\" value=\"\" \/>\n<\/div>\n<p><label> Ad\u0131n\u0131z (gerekli)<br \/>\n<span class=\"wpcf7-form-control-wrap\" data-name=\"your-name\"><input size=\"40\" maxlength=\"400\" class=\"wpcf7-form-control wpcf7-text wpcf7-validates-as-required\" aria-required=\"true\" aria-invalid=\"false\" value=\"\" type=\"text\" name=\"your-name\" \/><\/span> <\/label>\n<\/p>\n<p><label> Mail Adresiniz (gerekli)<br \/>\n<span class=\"wpcf7-form-control-wrap\" data-name=\"your-email\"><input size=\"40\" maxlength=\"400\" class=\"wpcf7-form-control wpcf7-email wpcf7-validates-as-required wpcf7-text wpcf7-validates-as-email\" aria-required=\"true\" aria-invalid=\"false\" value=\"\" type=\"email\" name=\"your-email\" \/><\/span> <\/label>\n<\/p>\n<p><label> Telefon Numaran\u0131z (gerekli)<br \/>\n<span class=\"wpcf7-form-control-wrap\" data-name=\"tel-962\"><input size=\"40\" maxlength=\"400\" class=\"wpcf7-form-control wpcf7-tel wpcf7-validates-as-required wpcf7-text wpcf7-validates-as-tel\" aria-required=\"true\" aria-invalid=\"false\" value=\"05\" type=\"tel\" name=\"tel-962\" \/><\/span> <\/label>\n<\/p>\n<p><label> Konu<br \/>\n<span class=\"wpcf7-form-control-wrap\" data-name=\"your-subject\"><input size=\"40\" maxlength=\"400\" class=\"wpcf7-form-control wpcf7-text\" aria-invalid=\"false\" value=\"\" type=\"text\" name=\"your-subject\" \/><\/span> <\/label>\n<\/p>\n<p><label> Mesaj\u0131n\u0131z<br \/>\n<span class=\"wpcf7-form-control-wrap\" data-name=\"your-message\"><textarea cols=\"40\" rows=\"10\" maxlength=\"2000\" class=\"wpcf7-form-control wpcf7-textarea\" aria-invalid=\"false\" name=\"your-message\"><\/textarea><\/span> <\/label>\n<\/p>\n<p><input class=\"wpcf7-form-control wpcf7-submit has-spinner\" type=\"submit\" value=\"G\u00f6nder\" \/>\n<\/p><div class=\"wpcf7-response-output\" aria-hidden=\"true\"><\/div>\n<\/form>\n<\/div>\n<\/div><\/div><\/div><\/div><\/div><div class=\"vc_row wpb_row row\"><div class=\"vc_column_container col-md-12\"><div class=\"wpb_wrapper vc_column-inner\"><div class=\"vc_empty_space\"   style=\"height: 300px\"><span class=\"vc_empty_space_inner\"><\/span><\/div><\/div><\/div><\/div>\n","protected":false},"excerpt":{"rendered":"MERKEZKUZEY KIBRISBALKANLARG\u00dcRC\u0130STAN ADRES: Sultan Tente \u00c7ad\u0131r ve Branda San Tic Ltd \u015eti Ulus Mah. \u00c7atalca Yolu B\u00fclb\u00fclo\u011flu San Sit. Kat:1 No:1\/M - B\u00fcy\u00fck\u00e7ekmece \u2013 \u0130stanbul &nbsp; No\u00a0 \u00a0\u00a0 :\u00a0 \u00a00(212) 861 27 20 Mail:\u00a0 info@protent.com.tr ADRES: Kuzey K\u0131br\u0131s T\u00fcrk Cumhuriyeti Protent Cyprus \u2013 Halil Mulla &nbsp; Tel\u00a0: 0 548 877 10 00 MA\u0130L: info@protent.com.tr ASMER [...]","protected":false},"author":1,"featured_media":0,"parent":0,"menu_order":0,"comment_status":"closed","ping_status":"closed","template":"","meta":{"footnotes":""},"class_list":["post-5001","page","type-page","status-publish","hentry"],"aioseo_notices":[],"_links":{"self":[{"href":"https:\/\/protent.com.tr\/wp-json\/wp\/v2\/pages\/5001"}],"collection":[{"href":"https:\/\/protent.com.tr\/wp-json\/wp\/v2\/pages"}],"about":[{"href":"https:\/\/protent.com.tr\/wp-json\/wp\/v2\/types\/page"}],"author":[{"embeddable":true,"href":"https:\/\/protent.com.tr\/wp-json\/wp\/v2\/users\/1"}],"replies":[{"embeddable":true,"href":"https:\/\/protent.com.tr\/wp-json\/wp\/v2\/comments?post=5001"}],"version-history":[{"count":19,"href":"https:\/\/protent.com.tr\/wp-json\/wp\/v2\/pages\/5001\/revisions"}],"predecessor-version":[{"id":5100,"href":"https:\/\/protent.com.tr\/wp-json\/wp\/v2\/pages\/5001\/revisions\/5100"}],"wp:attachment":[{"href":"https:\/\/protent.com.tr\/wp-json\/wp\/v2\/media?parent=5001"}],"curies":[{"name":"wp","href":"https:\/\/api.w.org\/{rel}","templated":true}]}}